se 16
-48
What is 1 (base 11) in base 2?
1
Convert 0 (base 13) to base 10.
0
3 (base 14) to base 6
3
What is 1 (base 4) in base 9?
1
2 (base 10) to base 9
2
What is -101101 (base 2) in base 13?
-36
Convert -c0 (base 16) to base 2.
-11000000
-300 (base 6) to base 8
-154
What is 132 (base 6) in base 13?
44
What is -333 (base 8) in base 3?
-22010
What is -5 (base 15) in base 3?
-12
Convert -2 (base 4) to base 15.
-2
Convert 62 (base 12) to base 15.
4e
-d (base 14) to base 5
-23
2d (base 16) to base 7
63
Convert -115 (base 11) to base 14.
-9b
-6 (base 16) to base 3
-20
Convert -2 (base 15) to base 6.
-2
What is -9 (base 13) in base 4?
-21
Convert -2 (base 10) to base 8.
-2
Convert 10111001 (base 2) to base 14.
d3
Convert -8 (base 13) to base 4.
-20
Convert -c (base 13) to base 2.
-1100
Convert -72 (base 9) to base 16.
-41
Convert -3 (base 9) to base 10.
-3
Convert 1 (base 12) to base 5.
1
What is 4 (base 13) in base 15?
4
What is 165 (base 10) in base 5?
1130
What is -5 (base 8) in base 14?
-5
a6 (base 13) to base 4
2020
-4 (base 9) to base 14
-4
16 (base 16) to base 10
22
What is 4 (base 9) in base 4?
10
Convert -3 (base 16) to base 9.
-3
Convert -3 (base 6) to base 15.
-3
-1 (base 2) to base 8
-1
What is -1020 (base 4) in base 7?
-132
Convert 12 (base 4) to base 13.
6
What is 1202 (base 3) in base 4?
233
Convert -265 (base 7) to base 5.
-1040
-221 (base 10) to base 2
-11011101
0 (base 12) to base 16
0
-11 (base 3) to base 9
-4
Convert -5 (base 12) to base 9.
-5
What is 2b (base 12) in base 6?
55
What is 2 (base 16) in base 6?
2
Convert 2 (base 3) to base 5.
2
Convert 10 (base 11) to base 7.
14
Convert 10 (base 4) to base 13.
4
What is 188 (base 13) in base 7?
551
What is 2 (base 3) in base 7?
2
Convert 10 (base 2) to base 6.
2
2 (base 7) to base 16
2
What is 22 (base 10) in base 5?
42
Convert -2 (base 8) to base 12.
-2
Convert -1 (base 12) to base 2.
-1
What is 303 (base 4) in base 10?
51
Convert 21 (base 7) to base 4.
33
What is -110 (base 2) in base 12?
-6
What is -100 (base 2) in base 4?
-10
53 (base 13) to base 16
44
Convert -100 (base 2) to base 15.
-4
1 (base 4) to base 2
1
Convert -17 (base 14) to base 8.
-25
Convert 15 (base 11) to base 5.
31
What is -121 (base 3) in base 11?
-15
What is -1a (base 15) in base 8?
-31
What is -12 (base 9) in base 12?
-b
Convert -120 (base 9) to base 8.
-143
Convert -1 (base 7) to base 16.
-1
119 (base 10) to base 9
142
What is -2 (base 14) in base 7?
-2
-11 (base 2) to base 8
-3
Convert 7 (base 14) to base 16.
7
Convert 12 (base 6) to base 8.
10
Convert 2a (base 15) to base 13.
31
Convert -2 (base 9) to base 8.
-2
-6 (base 10) to base 14
-6
-12121 (base 3) to base 11
-128
Convert 19 (base 13) to base 16.
16
Convert -183 (base 14) to base 13.
-1ac
What is 320 (base 7) in base 14?
b7
Convert -49 (base 10) to base 14.
-37
Convert 5 (base 10) to base 14.
5
-3 (base 4) to base 15
-3
Convert 8 (base 15) to base 10.
8
Convert -1 (base 7) to base 3.
-1
What is 36 (base 13) in base 14?
33
Convert -1000 (base 4) to base 10.
-64
-1d (base 16) to base 11
-27
What is 7 (base 15) in base 2?
111
-207 (base 8) to base 3
-12000
What is -11 (base 8) in base 11?
-9
-9 (base 11) to base 8
-11
What is -30 (base 4) in base 13?
-c
3010 (base 4) to base 2
11000100
17 (base 8) to base 9
16
What is -1 (base 15) in base 9?
-1
-4 (base 7) to base 3
-11
Convert 67 (base 10) to base 8.
103
Convert b (base 12) to base 16.
b
What is 2 (base 7) in base 4?
2
3 (base 12) to base 7
3
Convert -1 (base 12) to base 4.
-1
-21210 (base 3) to base 12
-156
Convert -82 (base 9) to base 5.
-244
9 (base 11) to base 9
10
What is -57 (base 15) in base 10?
-82
What is 2 (base 4) in base 2?
10
What is 9a (base 12) in base 8?
166
-15 (base 9) to base 12
-12
What is 3 (base 8) in base 14?
3
Convert -42 (base 8) to base 12.
-2a
Convert -9 (base 10) to base 7.
-12
1 (base 15) to base 8
1
4 (base 15) to base 7
4
What is 202 (base 9) in base 13?
c8
What is -32 (base 9) in base 2?
-11101
201 (base 4) to base 8
41
What is -2010 (base 3) in base 9?
-63
Convert -4 (base 7) to base 12.
-4
What is 46 (base 12) in base 16?
36
Convert 10b (base 13) to base 11.
154
-42 (base 10) to base 9
-46
Convert 73 (base 13) to base 3.
10111
Convert -3 (base 15) to base 5.
-3
What is -9 (base 13) in base 9?
-10
1 (base 4) to base 15
1
What is -220 (base 3) in base 16?
-18
Convert 3 (base 9) to base 6.
3
132 (base 5) to base 14
30
1 (base 6) to base 9
1
Convert 1 (base 13) to base 15.
1
What is 1 (base 11) in base 2?
1
What is 4 (base 6) in base 8?
4
-20 (base 6) to base 8
-14
7 (base 12) to base 14
7
What is -21 (base 13) in base 5?
-102
What is 22 (base 12) in base 5?
101
1 (base 2) to base 14
1
Convert -10 (base 3) to base 14.
-3
Convert -c (base 13) to base 4.
-30
Convert 14 (base 12) to base 15.
11
-131 (base 5) to base 6
-105
What is -154 (base 15) in base 4?
-10300
What is -132 (base 8) in base 10?
-90
121 (base 3) to base 13
13
Convert 4 (base 15) to base 16.
4
-154 (base 9) to base 8
-202
What is -20 (base 7) in base 8?
-16
-3 (base 13) to base 12
-3
Convert 11 (base 6) to base 12.
7
What is -130 (base 8) in base 4?
-1120
Convert 5 (base 12) to base 15.
5
Convert -8 (base 11) to base 15.
-8
What is 100001011 (base 2) in base 16?
10b
What is 15 (base 8) in base 9?
14
Convert 15 (base 16) to base 15.
16
What is -4 (base 7) in base 13?
-4
0 (base 16) to base 8
0
10101 (base 2) to base 10
21
What is 12 (base 15) in base 3?
122
1 (base 4) to base 9
1
What is -2 (base 16) in base 5?
-2
What is -13 (base 5) in base 13?
-8
Convert 66 (base 12) to base 14.
58
80 (base 9) to base 15
4c
What is -43 (base 5) in base 7?
-32
-3 (base 15) to base 12
-3
Convert 1 (base 8) to base 4.
1
Convert b8 (base 14) to base 16.
a2
What is 20210 (base 3) in base 7?
351
What is 3 (base 13) in base 10?
3
Convert 145 (base 8) to base 2.
1100101
Convert -45 (base 16) to base 6.
-153
Convert -20 (base 4) to base 16.
-8
What is 14 (base 8) in base 2?
1100
What is b (base 15) in base 9?
12
10 (base 8) to base 11
8
What is -40 (base 9) in base 16?
-24
What is -11 (base 2) in base 10?
-3
Convert 112 (base 5) to base 4.
200
Convert f (base 16) to base 10.
15
Convert 11 (base 2) to base 11.
3
What is -23 (base 7) in base 6?
-25
Convert 1010 (base 4) to base 7.
125
What is 1021 (base 4) in base 3?
2201
8 (base 12) to base 9
8
101 (base 2) to base 6
5
-1021 (base 3) to base 8
-42
What is 21 (base 7) in base 15?
10
Convert -12000 (base 3) to base 7.
-252
1a (base 12) to base 4
112
a (base 12) to base 14
a
What is 7 (base 16) in base 2?
111
10110 (base 2) to base 8
26
Convert -313 (base 4) to base 9.
-61
-259 (base 10) to base 11
-216
Convert -3 (base 8) to base 2.
-11
What is -61 (base 11) in base 10?
-67
What is -2 (base 5) in base 16?
-2
What is 160 (base 11) in base 16?
bb
Convert -6 (base 10) to base 8.
-6
What is -5 (base 12) in base 6?
-5
What is -64 (base 8) in base 15?
-37
What is -1b2 (base 12) in base 14?
-15c
What is -14 (base 13) in base 9?
-18
Convert 28 (base 11) to base 12.
26
bf (base 16) to base 15
cb
What is 9 (base 13) in base 5?
14
Convert -1c (base 16) to base 2.
-11100
Convert 0 (base 4) to base 10.
0
What is 240 (base 9) in base 13?
123
Convert -8 (base 11) to base 15.
-8
Convert 6d (base 14) to base 6.
241
What is 2 (base 8) in base 6?
2
What is 0 (base 5) in base 11?
0
Convert 34 (base 9) to base 5.
111
What is 9 (base 15) in base 4?
21
What is -1 (base 15) in base 3?
-1
-11 (base 13) to base 4
-32
-35 (base 16) to base 10
-53
6 (base 10) to base 9
6
What is 1 (base 9) in base 12?
1
What is -4 (base 16) in base 9?
-4
213 (base 5) to base 2
111010
-1 (base 5) to base 10
-1
What is -112 (base 9) in base 7?
-161
What is -10100100 (base 2) in base 11?
-13a
What is -101 (base 6) in base 16?
-25
What is -47 (base 12) in base 14?
-3d
What is -12 (base 9) in base 16?
-b
-3 (base 15) to base 8
-3
Convert -2 (base 4) to base 16.
-2
What is 27 (base 10) in base 9?
30
11 (base 4) to base 16
5
What is b (base 15) in base 13?
b
What is 0 (base 5) in base 3?
0
Convert 74 (base 9) to base 15.
47
What is -ae (base 15) in base 3?
-20002
Convert -1 (base 11) to base 13.
-1
-19 (base 10) to base 16
-13
Convert 10 (base 7) to base 5.
12
What is -1103 (base 6) in base 5?
-2010
What is -3 (base 12) in base 4